e tens digit of c?
5
Suppose 0*y = 4*y - 5*q - 140, -158 = -5*y + 2*q. Let x = y + -29. Let k = 72 - x. What is the tens digit of k?
7
Suppose 2*s + 10*h - 7*h = 39286, -5*s = 5*h - 98210. What is the tens digit of s?
4
Suppose 5*q + 29*q - 40732 = 0. Let h = q - 531. What is the hundreds digit of h?
6
Suppose -5*o - 456 = -4*o. Let v = -77 - o. What is the units digit of v?
9
Suppose 3*f + 9*m - 7*m - 73630 = 0, 3*f + m - 73625 = 0. What is the hundreds digit of f?
5
Suppose 4*z + k - 13080 = 0, 3*k + 9810 = 2*z + z. Suppose -6*v - z = -16*v. What is the tens digit of v?
2
Suppose 32 = 9*y - 85. What is the hundreds digit of (15/y - 1) + (-15020)/(-52)?
2
Suppose -14*z = -53*z + 1835028. What is the ten thousands digit of z?
4
Let s(c) = -372*c**2 + 7*c + 3. Let u be s(-2). Let z = u + 2175. What is the units digit of z?
6
Let z be (30/(-75))/(6/(-75)). Suppose 0 = -0*u - 5*u - x + 2084, -z*x = 5. What is the tens digit of u?
1
Suppose -11*z + 9*z = -4*b + 1108, 0 = 5*b - 4*z - 1391. Let k = -16 + b. What is the tens digit of k?
5
Let k(p) = -12 - 22*p**2 + 2*p + 13*p**2 + 6*p**3 - 5*p**3. Let q be k(9). What is the units digit of ((-3)/(-4))/((-5)/(-840)*q)?
1
Let k = -198 - -190. Let w(h) = -6*h + 50. What is the tens digit of w(k)?
9
Let h(i) = -7*i**3 - 32*i**2 - 83*i + 33. What is the thousands digit of h(-19)?
8
Let j(a) = 3*a**2 + 9*a - 42. Let f be j(-17). Suppose 4*w + 2*h - 688 = 0, 0*w - 4*w + 2*h = -f. What is the hundreds digit of w?
1
Let a = -87 - -11855. What is the ten thousands digit of a?
1
Let w(j) = 7*j**2 + 19*j + 7. Let d be w(-6). Suppose y + 12 = d. What is the hundreds digit of y?
1
Let c(d) = 19*d**3 + 16*d**2 - 28*d + 47. Let m(r) = -7*r**3 - 5*r**2 + 9*r - 16. Let i(h) = -3*c(h) - 8*m(h). What is the tens digit of i(-12)?
1
Let t be ((15/(-10) + 2)*0)/(-4). Suppose -17*m + 33*m - 656 = t. What is the units digit of m?
1
Suppose 12*a - 1402 = 10*a. Suppose -2*f - 179 = -a. What is the hundreds digit of 5/(10/f) - 9/(-6)?
1
Let r(g) = -g**2 - g + 23. Let a be r(-5). Suppose -3*j = 5*w - a, 2*w - 7*w + 2 = 2*j. Let u(q) = 85*q**3 - 3*q**2 + 2*q. What is the tens digit of u(j)?
8
Let z(r) = 13560*r**3 + 3*r**2 - 13*r + 10. What is the hundreds digit of z(1)?
5
Let w(l) = 7*l**2 + 9*l - 2. Let m(p) = 13*p**2 + 18*p - 3. Let d(i) = 6*m(i) - 11*w(i). Let h be d(-5). What is the hundreds digit of (-6)/5*(-196)/h*-10?
1
Let a be (20/10)/(9/6 - 1). Suppose -2*q = a*f - 1686 - 110, -f + 440 = 5*q. What is the tens digit of f?
5
Let h(w) = 6*w + 579. Let q be (-3 - (-7 - -1)) + (-3 - 0). What is the units digit of h(q)?
9
Let p(b) = -28*b - 2. Let y = -66 + -17. Let h = 80 + y. What is the tens digit of p(h)?
8
Let u(a) = 2*a**2 - 14*a + 26. Let p be u(6). Suppose 5*g = 4*w - 7 + 56, p = g - 5*w. Suppose -4*m + 390 = g*m. What is the units digit of m?
0
Suppose 5*x = -39 + 44. Let i be 14/35*(726 - x). Suppose -52 = -6*r + i. What is the units digit of r?
7
Suppose 3*o - 24616 = o + 2980. What is the tens digit of o?
9
Let k = 493 - 495. What is the hundreds digit of (8536/24)/(k/(-6))?
0
Let i(c) = 30*c**2 - 4*c + 12641. What is the thousands digit of i(0)?
2
Let z = -4357 - -7785. What is the units digit of z?
8
Suppose -8*l - 5*j + 11388 = -6*l, -6*j = 12. What is the thousands digit of l?
5
Let t = 390 - -51. Let x = t + -236. What is the units digit of x?
5
Suppose 16075 = 3*v - 5*f, -167*v = -166*v + 5*f - 5345. What is the thousands digit of v?
5
Let h(n) = 4*n**3 + n**2 - n + 13. Let j be h(3). Suppose -j = 2*d - 1079. What is the tens digit of d?
7
Let u = 35553 + -2674. What is the thousands digit of u?
2
Let k(h) = 11*h**2 + 18*h + 4. Let s be k(9). Suppose 0*d - 7*d = -s. Let f = d - 16. What is the hundreds digit of f?
1
Let i = -10105 + 32552. What is the hundreds digit of i?
4
Let h(w) = -254*w + 6. Let p be h(-5). Suppose -15 = -3*m, 3*k + m = 280 + p. What is the hundreds digit of k?
5
Let f = 69 + -78. What is the hundreds digit of (f/(-11) - 1) + 12900/44?
2
Suppose -112*v + 24995 = -107*v. What is the hundreds digit of v?
9
Let u(c) = 311 - 315 - 4*c**2 + 3*c**2 - 21*c. Suppose 2*h - 70 = 7*h. What is the tens digit of u(h)?
9
Let j(u) = 7*u**2 - u - 2. Let z be j(-2). Suppose z*o = 29*o - 95. Let g = o + 216. What is the tens digit of g?
1
Suppose 0 = 7*a - 1 - 13. Suppose -a*p + 3*p = 14. Suppose f = p + 36. What is the units digit of f?
0
Suppose -745902 = -92*w - 22*w. What is the units digit of w?
3
Suppose -4*j + 4 = 3*t, -36*t + 39*t = -3*j. Let i(k) = -2*k**3 - 4*k**2 - 12*k + 1. What is the hundreds digit of i(t)?
1
Suppose -178*j - 263*j = 546543 - 8120277. What is the units digit of j?
4
Let s = -7239 - -28556. What is the units digit of s?
7
Suppose -231*w - 2280313 = -404*w. What is the units digit of w?
1
Let h = 97 - 57. Let s = h + -37. Suppose 0 = -3*c + 7*c - 2*w - 166, -s*c = 4*w - 119. What is the units digit of c?
1
Suppose 2*x + 20 = 6*x. Suppose 0 = -2*r + x*r + 12. What is the tens digit of 2 + r*(-18)/8?
1
Suppose -2*x - 99 = -97. Let h be x/(5/(-20))*(-3)/4. What is the units digit of h/(-21) + 5312/56?
5
Let p be ((-42)/9)/(-2 + (-32)/(-24)). What is the thousands digit of p + 4/3*1017?
1
Suppose 165*d - f = 170*d - 48673, 2*d - 19474 = 2*f. What is the hundreds digit of d?
7
Suppose 0 = -3*j - 3*v + 18, -3*v + 13 = 2*j - 1. Suppose -x + j*a - 2*a = -371, 2*a = -x + 383. What is the hundreds digit of x?
3
Let i = -20 - -246. Let p = 444 - i. What is the hundreds digit of p?
2
Let q be (-6 - 2509) + (-4 - -1). Let i = q + 3569. What is the thousands digit of i?
1
Let i be (-4295)/(-10) - (-9)/(-6). Let v = -215 + i. What is the hundreds digit of v?
2
Let u = 34 + 73. Suppose 2*n - 59 - u = -4*f, 4*n = -4*f + 352. What is the tens digit of n?
9
Let q(m) = 3*m - 5. Let t be q(-11). Let c = t + 43. Suppose 448 = 4*n - 0*n - 2*p, c*p = -2*n + 236. What is the hundreds digit of n?
1
Suppose 31794 = 5*j + 3*i, 4*j + 11*i - 26418 + 1043 = 0. What is the thousands digit of j?
6
Suppose -5*r - 4 = -2*d - 45, -d = -5*r + 8. Let m = 40 + d. What is the units digit of m?
7
Suppose -44252 = 3*x - 135905. What is the thousands digit of x?
0
Suppose -944385 - 107681 = -46*x. What is the ten thousands digit of x?
2
What is the hundreds digit of 407391/13 - (-345)/1495?
3
Let f(m) = -47*m + 48. Let d be f(-20). Let t = d + 666. What is the units digit of t?
4
Suppose -110*c - 42*c = -101*c - 505716. What is the thousands digit of c?
9
Let h = 32 - 37. Let b be 0 + h*5/(-25). What is the units digit of (-58*4)/(-4) - b?
7
Let a(v) = -v**2 + 6*v + 18. Let i be a(8). Suppose -n - 5*f = 3, f - 3 = -i*n - 0*n. Suppose 4*u + 352 = 4*l, 5 + 1 = n*u. What is the tens digit of l?
9
Suppose -28*o + 150692 = -183068. What is the thousands digit of o?
1
What is the tens digit of (28/10)/((-328)/410)*5330*-1?
5
Suppose -50*p + 523556 = -20*p + 43*p. What is the hundreds digit of p?
1
Suppose -175 = -17*t + 335. Suppose -26*u - 2244 = -t*u. What is the tens digit of u?
6
Suppose -3*j = 3*s - 37713, 164*j - 2*s = 160*j + 50290. What is the hundreds digit of j?
5
What is the tens digit of -3*(3*-25810)/6?
1
Let l be (-12)/(-40)*-2 + (-18)/(-5). Let d(p) = 19*p**3 + 3*p**2 - 10*p + 21. What is the units digit of d(l)?
1
Let x = -23046 - -32434. What is the tens digit of x?
8
Let a = -159063 - -228254. What is the ten thousands digit of a?
6
Let n be -7*(50/(-7) + 4 + 3). Let o(r) = 254*r**3 + 2*r**2 - 1. What is the tens digit of o(n)?
5
Let w = -56 - -89. Let t = w + -31. Suppose 49 = t*g - 41. What is the units digit of g?
5
Suppose 2*q = 4*s + 32, -2 = q + s + 3*s. Suppose -7*r = -12*r + q. Suppose -11 - 239 = -r*y. What is the units digit of y?
5
Let t(b) = b**3 + 31*b**2 - b - 29. Let l be t(-31). What is the hundreds digit of (-34)/(l*(-8)/448)?
9
Let w(r) = 3*r**2 - 2*r + 1. Let g be w(1). Suppose 5*y - 2*n = 4*y + 8, g*y = -4*n. Suppose 5*q = -3*a + 3*q + 367, 0 = 2*q - y. What is the tens digit of a?
2
Suppose 18*g - 26*g = -99*g + 2203656. What is the ten thousands digit of g?
2
Suppose -1717*w + 857*w + 868*w = 427952. What is the tens digit of w?
9
Suppose 256*r + 346788 = 274*r. What is the tens digit of r?
6
Let p(s) = -s**2 - 12*s + 11. Let q be p(-13). Let o be (30/q)/3 + 910. Suppose 0 = -2*f